tive of d**6/120 + d**4/24 + 7*d**2. Let l be x(1). Suppose 1 = l*y - 63. List the prime factors of y.
2
Let j = 92 - 88. Let s(m) = 287*m + 21. What are the prime factors of s(j)?
7, 167
Suppose -5*r + 1104 = 3*t - 946, 4*t - 5*r - 2710 = 0. Let k = t + -107. What are the prime factors of k?
3, 191
Let i = 57753 - 22889. What are the prime factors of i?
2, 2179
Let o be (3*20/(-12))/(-2 - -1). Suppose -o*x - 98 = -263. Suppose 2*i - r = -4*r + x, 0 = -r + 5. What are the prime factors of i?
3
Suppose -28*i + 37*i = -40*i + 2412221. List the prime factors of i.
19, 2591
Let h(t) be the third derivative of 1/60*t**5 + 15*t**2 + 0*t + 4/3*t**3 + 0 - 5/24*t**4. What are the prime factors of h(9)?
2, 11
Suppose 0 = 6*x - 2*x - 20. Suppose 22 = 9*z - x. Suppose -z*q + 10*q = 623. List the prime factors of q.
89
Suppose -5*i - 3*f = -19365, 0 = -4*i - 3*f + 9043 + 6449. What are the prime factors of i?
3, 1291
Suppose -5*z + 11712 = 3*k - 8*z, 12 = 3*z. What are the prime factors of k?
2, 977
Suppose 3*w - 2*p + 5192 = 37629, w + 5*p - 10818 = 0. List the prime factors of w.
11, 983
Let k = -80 - -117. Suppose 4*n = 783 + k. Let x = -126 + n. What are the prime factors of x?
79
Let b(z) = z**2 - 49*z - 16. What are the prime factors of b(52)?
2, 5, 7
Let w(y) = -95*y**2 - 38 - 91*y**2 + 27*y + 289*y**2 + 12 - 97*y**2. What are the prime factors of w(5)?
7, 37
Let s be 12 + (-11 + 10)/((-2)/(-4)). Suppose s*z - 3*z = 42. Suppose z*o - 80 = 5*o. List the prime factors of o.
2, 5
Let c be 1960 - (-6 + 3 - 3). Suppose -4*s + 110 = -c. What are the prime factors of s?
3, 173
Suppose 0*t - 2067 = -3*t + 4*o, t - 689 = 2*o. Let b = t + -375. What are the prime factors of b?
2, 157
Suppose 201*l - 3097153 - 93367 = -47*l. What are the prime factors of l?
5, 31, 83
Let f(y) be the first derivative of 3*y**3 + 2*y**2 + 9*y - 162. List the prime factors of f(6).
3, 7, 17
Let m be 1/(-5) + 5/((-125)/(-2505)). Let x be (m/3)/(((-35)/(-30))/7). Suppose -140 - x = -4*s. What are the prime factors of s?
5, 17
Suppose 10 = 2*z, j - 4*j + 2776 = 2*z. Suppose -16*f + j = -14*f. Suppose -f - 99 = -8*a. What are the prime factors of a?
2, 5, 7
Suppose -10450 + 24699 = 15*n - 23596. What are the prime factors of n?
3, 29
Suppose 10 = n + 2*v, -2*n - 3*n + 42 = 2*v. Let g(j) = 10*j + 13. What are the prime factors of g(n)?
3, 31
Suppose -5*j = 0, -i - 4*j = -0*j - 7728. What are the prime factors of i?
2, 3, 7, 23
Suppose d = 11 - 15, 3372 = 5*z - 3*d. Let c = 1672 - z. What are the prime factors of c?
2, 5
Suppose -a = x - 23313, 4*x + 789*a - 784*a = 93258. List the prime factors of x.
3, 17, 457
Suppose 4*a + r = 55, -3*a - 2*a - 4*r + 77 = 0. Let s(w) = w**3 - 21*w**2 - 20*w - 41. Let n be s(22). Suppose 44 = n*y - a. List the prime factors of y.
19
Let w = -3260 - -15337. What are the prime factors of w?
13, 929
List the prime factors of ((-1)/(4/120))/(13/(-4108)).
2, 3, 5, 79
Let f(k) = -116*k**3 - 13*k**2 - 27*k - 62. List the prime factors of f(-3).
2, 37, 41
Suppose -3*x + 96638 = -5*u, 126436 = 4*x + u - 2407. List the prime factors of x.
3, 1193
Suppose 381*z + 34373 = 418*z. List the prime factors of z.
929
What are the prime factors of (1 + -5740)/(((-4)/(-6))/((-224)/144))?
7, 1913
Suppose 0 = -q + 2*q + 9. Suppose 97 = -7*m - 428. What are the prime factors of 4/(-6)*(q + m)?
2, 7
Let b be (46/14 - 3) + 48/(-21). Let o(a) = -5*a**3 + a**2 + 3*a + 3. Let i be o(b). List the prime factors of (1 + i)*8/2 - 2.
2, 83
Suppose 71*m = 3*x + 69*m - 22231, 14816 = 2*x + m. List the prime factors of x.
31, 239
Let w(p) = p**2 - 16*p + 177. Let l be w(10). Let y = 440 - l. List the prime factors of y.
17, 19
Let u be ((-165)/66)/((-1)/(-6)). List the prime factors of (-3748)/(-6) + (-5)/u - -2.
3, 11, 19
Suppose -5*m + 2*a + 278 = 0, -133 = -2*m + 3*a - 24. Let o = 61 - m. Suppose o*j = 4*x + 532, 4*j = 4*x + 209 + 219. List the prime factors of j.
2, 13
Let c be (-1 + 0)/((-1)/(210/(-5))). Let l = 47 + c. Suppose -6*u - 356 = -4*w - 4*u, 2*u = l*w - 444. What are the prime factors of w?
2, 11
Suppose -18*q - 2546 = 5086. Let x = 775 + q. List the prime factors of x.
3, 13
Let q = -15140 + 25756. What are the prime factors of q?
2, 1327
Let h be 1/3 + 1060/15 + 4. Suppose -59 = w + h. What are the prime factors of -2 - -1 - 2 - w/1?
131
Suppose -245 = -3*m + 73. Suppose -21*r + 20*r = -m. List the prime factors of r.
2, 53
Let u(n) = 6 + 2*n**3 + 7461*n**2 - 3*n**3 - 7450*n**2 - 8*n. Suppose -2*f - f + 5*j = -15, -f + 13 = j. What are the prime factors of u(f)?
2, 13
Let f(x) = x**2 - 8*x - 8. Let u be f(9). Let i be u/4 - 4667/(-52). Let h = -53 + i. List the prime factors of h.
37
Let d(x) = -x**2 + x + 12. Let a be d(-3). Let b be 8/(-4) + (263 - a). Suppose 2*y = w + b, -5*y + 2*w + 304 + 347 = 0. What are the prime factors of y?
3, 43
Suppose 0 = p - 8*p - 28. List the prime factors of 1/(10/p) + (-95652)/(-180).
3, 59
Let v be (-23634)/(-2) - (0 - 3). Suppose -11*n = -v + 2602. What are the prime factors of n?
2, 419
Suppose -19 = 3*c + 5*p, 0 = 2*c + p + 1 - 0. Suppose c = -4*r - 2*d, 0*d = -4*d - 12. What are the prime factors of r/((-564)/(-140) - 4)?
5, 7
Suppose 42*k = 129*k + 39*k - 2648772. List the prime factors of k.
2, 23, 457
Suppose 72*d = 162243 + 184077. What are the prime factors of d?
2, 5, 13, 37
Let d(v) = -132*v + 1601. List the prime factors of d(-10).
23, 127
Suppose -116*o + 115*o - 1 = 0, -12360 = -5*q - 5*o. What are the prime factors of q?
2473
Let o(i) = -5*i + 10. Let y be o(2). Suppose -47 - 26 = -4*w - 3*l, -2*w - 4*l + 44 = y. Suppose -5*x + 141 - w = 0. List the prime factors of x.
5
Suppose 9*f + 558376 = 4*f + 19*f. List the prime factors of f.
2, 13, 59
Let l = 50019 - 12575. List the prime factors of l.
2, 11, 23, 37
Let p be (134/2)/(36/(-216)). Let g = -49 - p. What are the prime factors of g?
353
Let l(q) = 5*q - 66. Let t be l(13). Let s be (4/(-8))/((-5)/4 - t). Suppose -3*a - 15 = 0, 5*p + 3*a - 1020 = -s*a. List the prime factors of p.
11, 19
Suppose -5*d + 919 = 4*u, -4*d = -2*u - 7*d + 459. Suppose -4509 = -5*g + u. What are the prime factors of g?
2, 3, 79
Let u(h) = 96*h + 59. Let o = -212 - -228. List the prime factors of u(o).
5, 11, 29
Let p(h) be the third derivative of -h**5/60 + 19*h**4/24 + 11*h**3/2 - 9*h**2. Let v = 2 + 15. What are the prime factors of p(v)?
67
Suppose -38*s - 5*m = -35*s - 16386, -4*s - 2*m + 21862 = 0. List the prime factors of s.
7, 11, 71
Let q(j) = j + 24. Let o be q(-12). Suppose -2*m + o = -2*g - 0*m, 4*g + 14 = 2*m. What are the prime factors of 3 + g + 4 + 1?
7
Let a be 275*-1*(-9)/9. Let y = a - 10. Let w = 391 - y. List the prime factors of w.
2, 3, 7
Let b(k) = -k**2 + 26*k - 71. Let o be b(23). What are the prime factors of (-342)/18*(-1)/(o/(-12))?
2, 3, 19
What are the prime factors of -2224*42/(-14) + 6?
2, 3, 7, 53
Suppose 5*j = -5*k + 25, -31 + 6 = -k - 5*j. Let f be 184/3 + 2/3 + k. Suppose -f*v - 94 = -64*v. What are the prime factors of v?
47
Suppose -41*u - 7*u = 68*u - 979852. List the prime factors of u.
8447
Let q(y) = -50*y + 84. Let j(h) = 96*h - 167. Let x(z) = 3*j(z) + 5*q(z). What are the prime factors of x(17)?
5, 113
Suppose -1151*s - 77454 = -1169*s. List the prime factors of s.
13, 331
Let m(d) = d**2 - 10*d + 10. Let z be m(11). Let u = -31 - -51. Suppose 0 = -26*f + z*f + u. What are the prime factors of f?
2
Let j be (-111078)/(-486) - 8/(-18). Let h = j + 1161. List the prime factors of h.
2, 5, 139
Let h(q) = 3*q**2 + 30*q + 35. Let f be (5/(-3 - -18))/(2/(-102)). What are the prime factors of h(f)?
2, 7
List the prime factors of ((-17)/(-1) + -34182)*(-3)/15.
6833
Let i be 1 - 0 - (-2)/((-6)/(-2841)). Let q = i - 411. List the prime factors of q.
3, 179
Suppose -3*v = 1 - 19. Suppose 3*a - 4*a = -3*o + 2, -3*a - v = 5*o. Suppose o*r - 4*r = -480. List the prime factors of r.
2, 3, 5
Let i(d) = 66*d**2 + 56*d + 31. Let s(v) = -22*v**2 - 19*v - 10. Let f(z) = 6*i(z) + 17*s(z). List the prime factors of f(-5).
3, 167
Let f(h) = -7*h**3 + 6*h**2 + 12*h - 27. List the prime factors of f(-6).
3, 181
Let z = -90 - -90. Suppose 1534 = 4*f + 3*c, z*f + 2*f + c - 766 = 0. Let l = f + -199. List the prime factors of l.
3, 61
List the prime factors of (-552)